he remainder when 67 is divided by a.
16
Let q(l) = -7 + 3*l**3 - 6*l + 2*l**3 + 3*l - 5*l**2 - 6*l**3. What is the remainder when 55 is divided by q(-5)?
7
Suppose 0 = -5*t - 15, b + b + 4*t = 46. Let a = -779 - -794. What is the remainder when b is divided by a?
14
Let x(u) = 81*u**2 + 13*u + 12. Calculate the remainder when x(-1) is divided by 4.
0
Suppose -5*w = -g - 36, g = -2*w - 2 + 1. Let o = 16 + g. Suppose -2*t - 3*x = -1, 0 + 1 = 3*t + o*x. What is the remainder when 2 is divided by t?
0
Suppose 3*n + 0*n - 6123 = 0. Let r be (-3)/5 + n/(-65). Let u = 61 + r. Calculate the remainder when 55 is divided by u.
26
Let u = -142 + 155. Let f be ((-8)/6)/(-1)*3. Let i = u - f. What is the remainder when 32 is divided by i?
5
Suppose -4*t + 5*d + 146 = 0, -41 = -4*t - 3*d + 89. What is the remainder when t is divided by 12?
10
Let r = -8 + 16. Suppose 0*c + 2*c = 6, 2*c = 4*n - 42. Calculate the remainder when -36*r/(-12) - 1 is divided by n.
11
Suppose -5*i = r - 10, 4*r + 0*i - 25 = -5*i. Suppose -212 - 308 = -r*f. Calculate the remainder when f is divided by 18.
14
Let a = -512 + 520. What is the remainder when 59 is divided by a?
3
Let w = -695 + 846. What is the remainder when w is divided by 41?
28
Suppose 5*r = x + 17 + 12, -2*x + 2 = 0. Calculate the remainder when 64 is divided by r.
4
Let i be (4 - (-8)/(-1))/(2/8). Let u = 1 - i. Calculate the remainder when u is divided by 4.
1
Calculate the remainder when 190/(-38) + (-511)/(-1) - -1 is divided by 27.
21
Let h = -450 - -588. Calculate the remainder when h is divided by 30.
18
What is the remainder when (-22096)/(-44) - 30/165 is divided by 84?
82
Let c = 777 + -758. Calculate the remainder when 223 is divided by c.
14
Let d(s) = 3*s**2 - 43*s + 130. Calculate the remainder when (2/2)/1 + 78 is divided by d(11).
19
Let d = 14 - 3. Let f = 816 + -731. Calculate the remainder when f is divided by d.
8
Suppose 3*d = 2*d - 3, 0 = -5*t + 3*d + 24. Suppose g = -0*g + t. Calculate the remainder when 10 is divided by g.
1
Let w(c) = c**2 + 8*c + 5. Let r be w(-8). Let b(a) = a**2 + 5*a + 7. Calculate the remainder when b(r) is divided by 29.
28
Suppose -2 + 18 = c. Suppose -c = 4*i, -270 = 5*f - 5*i - 1030. Let j = -96 + f. Calculate the remainder when j is divided by 11.
8
Suppose -4*y + 2*y + 38 = 0. Suppose 37 = 4*i - 79. Suppose 5*s - 265 = 5*x, 4*x - 191 = -4*s + i. Calculate the remainder when s is divided by y.
16
Suppose 242*n - 34 = 240*n. Calculate the remainder when 84 is divided by n.
16
Let j(n) = -n**2 - 8*n + 10. Suppose 5*p = -g + 235, 4*p - 94 = 2*p - 5*g. Calculate the remainder when p is divided by j(-5).
22
Let t(v) = 30*v - 492. What is the remainder when t(27) is divided by 10?
8
Calculate the remainder when (175/15)/(1/3) is divided by 3/12 - 35/(-4).
8
Suppose -5*p - 6 = 5*g - 26, -p = -3*g + 4. Suppose -4*o - g*u + 52 = 0, -o + 60 = 4*o + 5*u. Calculate the remainder when 40 is divided by o.
12
Let h(f) = -f**2 + 46*f - 511. What is the remainder when 53 is divided by h(26)?
8
Suppose -41 + 275 = 6*l. Calculate the remainder when l is divided by 21.
18
Suppose r + 116 = -2*n, -236 = 4*n - 0*r + 3*r. Calculate the remainder when 60 is divided by (9/(-6))/(4/n).
18
Let t = -20 + 36. Suppose 4*q = 5*q - 44. Calculate the remainder when q is divided by t.
12
Let b(m) be the second derivative of m**4/12 - 10*m**3/3 - 57*m**2/2 - 23*m. Calculate the remainder when 166 is divided by b(23).
10
Calculate the remainder when (((-1630)/(-6))/(-5))/(2/(-6)) is divided by 33.
31
Calculate the remainder when (1146/4)/((-20)/(-40)) is divided by 48.
45
Calculate the remainder when 49*(9/36)/(2/8) is divided by 36.
13
Suppose 0 = -3*r + 24. Suppose 2 + 3 = w. What is the remainder when ((-36)/r + 4)*-26 is divided by w?
3
Let f(w) = 8*w - 52. Let r(h) = -98*h. What is the remainder when r(-1) is divided by f(9)?
18
Suppose -2*t = 2*x + 8, -t - 4*x = -2*x + 9. Suppose -120 = -7*l - t. What is the remainder when l is divided by 3/((-4)/(80/(-6)))?
7
Suppose 3*g + 0*g = -2*w - 19, -10 = 5*w. Let n(i) = 3*i**2 + 2*i + 3. What is the remainder when n(g) is divided by 10?
8
Let q = -17 - -15. What is the remainder when 8/(3 + 1 + q) is divided by 2?
0
Suppose -11039 = 19*y - 26*y. What is the remainder when y is divided by 20?
17
What is the remainder when 279905/510 - (-3)/18*1 is divided by 111?
105
What is the remainder when ((-210)/9 - -8)/(2/(-6)) is divided by 20?
6
Let g(o) = 3*o**2 + 33*o + 13. Calculate the remainder when 22 is divided by g(-11).
9
Suppose -9*x + 8*x - 2*j = -48, 2*x - j = 86. What is the remainder when 86 is divided by x?
42
Let q = -501 + 514. Calculate the remainder when 270 is divided by q.
10
Suppose 3*t = -k, 3*k = -4*t + 6*k. Suppose -4*v - v = -10. Suppose t = -j - v*j + 18. Calculate the remainder when j is divided by 4.
2
Suppose v + 3 = 0, -2*q - 3*q = 2*v + 6. Suppose o - 5*o - 16 = q. What is the remainder when 12 is divided by 6/3*(-14)/o?
5
Let a = 509 + -475. What is the remainder when 138 is divided by a?
2
Suppose -3*i + 3*y = 2*i + 183, i + 31 = -5*y. Calculate the remainder when 2 - 2 - (i + -2) is divided by 14.
10
Suppose -2*t - 3*t + 390 = 0. Let g = t + -32. Suppose -2*u - 2*z = -4*u + 132, 3*z - g = -u. Calculate the remainder when u is divided by 16.
13
Let k(i) be the second derivative of i**5/20 - 26*i**2 + 7*i. Let d be k(0). Let w = 5 - d. Calculate the remainder when w is divided by 15.
12
Let m be (7 + -1)*(-4)/(-12). Suppose m*h + 0*h = 8. Suppose -3*a + 2*q = -3, 2*q = h*a - q - 3. What is the remainder when 6 is divided by a?
0
Suppose 0 = -25*k - 7*k + 704. What is the remainder when k is divided by 13?
9
Let i be 0/(-2 + 4 - 0). Suppose i*y + 3*p = -y - 11, 3*p + 15 = 0. What is the remainder when 39 is divided by y?
3
Let a(p) = p + 14. Let o be a(-7). Let i = 10 + o. Calculate the remainder when 66 is divided by i.
15
Calculate the remainder when 14393/9 - 152/684 is divided by 80.
79
Suppose 2*s = 10, 2*t = -0*s + 3*s + 29. Let a be (-4)/t + (-952)/88. Calculate the remainder when 50 is divided by (-2)/a + 3102/242.
11
Let c(y) = -y**2 + y - 13. Let w be c(0). Let n(z) = -z - 7. Suppose l - 23 = -4*q, -3*q + 3*l + 24 = 6*l. What is the remainder when n(w) is divided by q?
1
Let c be (7 - 5) + -10 - 2. Let z = c - -63. Calculate the remainder when z is divided by 31.
22
Suppose 0 = 5*t + 3*g + 10, 5*t - 11 = 3*g + 9. Let m be (t + 21/(-6))*2. Let x = m + 9. Calculate the remainder when x is divided by 3.
1
Suppose -4*f = -24 - 184. Let t = f + -2. Calculate the remainder when t is divided by 28.
22
Suppose 0*o + 4*o - 392 = 0. Let s = -45 - -70. What is the remainder when o is divided by s?
23
What is the remainder when ((-820)/15)/(-4)*3 is divided by (-1)/(-9) + (-212)/(-36)?
5
Let v(i) be the third derivative of 0*i - 17/12*i**4 - 3*i**2 + 0 - 1/3*i**3. Calculate the remainder when v(-1) is divided by 12.
8
Let j = -5 + 3. Let p = j - -4. Suppose p*g - 6*g + 76 = 0. Calculate the remainder when g is divided by 11.
8
Let z = -8 + 12. Suppose -z - 12 = -8*x. What is the remainder when 2 is divided by x?
0
Suppose -130 = -5*k - 60. Suppose -2*a = -3*u + 2*u - 2, u + a = 7. Calculate the remainder when k is divided by u.
2
What is the remainder when -6*((-18)/(-42))/((-4)/70) is divided by 23?
22
Let r(u) = 6*u**3 + 2*u**2 - 6*u + 6. Let o be (-12)/(-3) - 14/7. Calculate the remainder when r(o) is divided by 22.
6
Suppose -4*p - 4*b + 20 = 0, -3*b + b = 4*p - 14. Suppose -176 = -4*o + 2*c, p*c - 149 = 5*o - 369. Calculate the remainder when o is divided by 24.
20
Let y(d) = d**3 - 4*d**2 - 5*d + 7. Suppose -8*n = 29543 - 29583. What is the remainder when y(5) is divided by n?
2
Let x(f) = -46*f**2 - 49*f**2 + 2*f + 4 + 97*f**2. What is the remainder when 28 is divided by x(-2)?
4
Suppose s + 2*s = -4*g + 37, 5*g = -4*s + 51. What is the remainder when 1488/36 - (-2)/(-6) is divided by s?
3
Suppose 24 - 9 = -5*a. What is the remainder when 9 is divided by (-3)/(a*(-1)/(-7)) + -4?
0
Suppose 0 = 2*r + p - 13, 3*r - p - 1 = 6. Let b = 38 - 13. Let k = -18 + b. Calculate the remainder when k is divided by r.
3
Suppose 4*j = 2 + 2. Calculate the remainder when 24 is divided by (-17 + j - -3)*4/(-4).
11
Let o(w) = w**2 + 9*